-q**3 - 12*q**2 - q + 1. Let g(n) = -25*n**3 - n**2 - n. What is the remainder when g(-1) is divided by u(p)?
12
Let i(u) = -u**2 + 6*u + 20. Calculate the remainder when 38 is divided by i(7).
12
What is the remainder when (-4)/(-6) + (-122)/(-6) is divided by 12?
9
Suppose 0*l = 3*l - 42. Suppose 4*n + n - 31 = 3*s, 0 = 4*n + 3*s - l. Suppose -74 = -n*j + 6. Calculate the remainder when 30 is divided by j.
14
Suppose 0*v = v + 4*f - 2, 4*v + 3*f - 21 = 0. Let q(r) = 2*r + 9. What is the remainder when q(v) is divided by 12?
9
Suppose 120 - 48 = -6*n. Let z = 1 + -2. What is the remainder when (-56)/n*(-6)/z is divided by 10?
8
Suppose 0*l - 351 = -9*l. What is the remainder when l is divided by 14?
11
Suppose 3*c = 3, -2*y - c + 9 = 4*c. Suppose -3 = -y*z + 5. Calculate the remainder when 11 is divided by z.
3
Suppose 0*a = a - 10. What is the remainder when 14 is divided by a?
4
Let k(y) = -13*y**3 + 2*y**2 + 2*y + 1. Let r(n) = n**3 + n**2 - 1. Let m be r(-1). Let o = -123 - -128. Calculate the remainder when k(m) is divided by o.
4
Suppose -k = -0*k - 13. Let f(p) = 2*p + 20. Let h(v) = -v - 10. Let m(y) = 3*f(y) + 5*h(y). Calculate the remainder when k is divided by m(-5).
3
Suppose -8 - 10 = -3*u. Let p = -230 + 263. What is the remainder when p is divided by u?
3
Let o(k) be the first derivative of k**4/4 - 4*k**3/3 - 7*k**2/2 + 1. Let w = -21 - -29. What is the remainder when o(6) is divided by w?
6
Let h = 47 + -38. What is the remainder when h is divided by 6?
3
Suppose 0 = -7*x + 8*x - 4. Calculate the remainder when 6 is divided by x.
2
Let i(y) = 9*y**2 + y. Let r be ((-8)/(-24))/((-2)/(-12)). Calculate the remainder when i(r) is divided by (-74)/(-6) + (-2)/(-3).
12
Let d(t) = 2*t**2 + 10*t + 5. Suppose -l - 15 = 4*l, 4*v + 14 = 2*l. Calculate the remainder when d(v) is divided by 4.
1
Let n(u) = -2 + 2*u + 4 + u**2 - 17*u**3 - 3*u**3 - 1. Let m be n(-1). Suppose 4*h - m = -0*h. What is the remainder when 17 is divided by h?
2
Calculate the remainder when 30/2*(-90)/(-25) is divided by 11.
10
Suppose -5 = -5*o + 5. Suppose -4*j - k = -o*k - 12, 3*j = -3*k - 6. Suppose 5*i - i = 8. What is the remainder when j is divided by i?
0
Let v = 46 + -36. What is the remainder when 39 is divided by v?
9
Let a be 65/30 - 2/12. Suppose l = a*l. Suppose 3*v = -l*v + 87. Calculate the remainder when v is divided by 10.
9
Calculate the remainder when 14/(-4)*20/(-7) is divided by 4.
2
Let n = -4 - -6. Suppose 3*f = 9, 2*l + n*f - 32 = 4. Let m = 151 + -107. What is the remainder when m is divided by l?
14
What is the remainder when 70 is divided by 9/(-3) + 0 + 27?
22
Suppose t - 7 = -4. Suppose t*l = -g + 71, l - 42 = -4*g - 0*g. What is the remainder when l is divided by 12?
10
Let w be (22/2)/(14/196). Suppose -3*u + w = 4*m, -4*u + 4*m + 161 + 91 = 0. Calculate the remainder when u is divided by 15.
13
Let c(g) = g**3 + 2*g**2 + g. Let x be c(-1). Let z = x + 2. Suppose 18 = 2*s + z. What is the remainder when 22 is divided by s?
6
Calculate the remainder when 12 is divided by (5 - 0) + (-4 - -3).
0
Let w be 8/(-3)*9/(-6). Suppose x = -w*x + 40. Suppose -3*a = 3*u - 24, -5*a + u = -a - 7. What is the remainder when x is divided by a?
2
Suppose 20 = 3*f - 4*a, -2*f + 3*a - 4*a = -28. What is the remainder when 29 is divided by 3/f + (-117)/(-12)?
9
Suppose 2*o + 85 = -v + 6*v, -50 = -5*v - 5*o. Suppose -2*n + 4*t = -3*n + 42, 0 = -2*n + 3*t + 40. What is the remainder when n is divided by v?
11
Let c(h) = -2*h - 8. Let i = -4 - -3. Let f(m) = 7*m**3 - 2*m**2 - 2*m - 1. Let q be f(i). Calculate the remainder when 22 is divided by c(q).
6
Suppose 5*b - 89 = 111. What is the remainder when b is divided by 14?
12
Let r(b) = b**3 - 8*b**2 - 10*b + 12. Let d be r(8). Let y = d - -137. Calculate the remainder when y is divided by 18.
15
Let w(o) = o**3 + 7*o**2 + 2. Let l be w(-7). Suppose l = a + a. Calculate the remainder when (27/(-2))/(a/(-2)) is divided by 14.
13
Let u be (-20)/(-6) + (-1)/3. Suppose g = -2*p + 46, u*p - 60 = 2*g + g. Suppose -3*l = -l - p. What is the remainder when 20 is divided by l?
9
Let o = 4 - -3. Let b be 1 - (-1)/(2/(-4)). What is the remainder when b/3 - (-74)/6 is divided by o?
5
Suppose -105 = 4*q - 381. What is the remainder when q is divided by 14?
13
Suppose -4*z - 11 = 5, 4*z = 4*b - 28. Let r = 0 + b. Suppose r*s + 0*s - 3*c = 90, 4*c = 8. What is the remainder when s is divided by 11?
10
Let z(b) = b**3 + 9*b**2 - 2*b - 4. Let g(q) = -q**3 - 5*q**2 - 3*q + 1. Let l be g(-4). What is the remainder when z(-9) is divided by (-6)/(2/8*l)?
6
Let r(m) = 3*m**2 + 3*m - 3. Suppose 0 = 5*b + 2*k - 83, -5*b = -7*b + 3*k + 37. What is the remainder when r(3) is divided by b?
16
Let m(i) = -i**2 - 14*i - 32. What is the remainder when 302 is divided by m(-8)?
14
Let j = -8 + 21. Suppose m - 36 = -4*b - 4*m, -4*b - 3*m + 28 = 0. Suppose b*a - 123 = -27. What is the remainder when a is divided by j?
11
Let d = -9 + 16. Let z(w) = w + 8. Calculate the remainder when d is divided by z(-4).
3
Let q = 0 + -2. Let t = 4 + q. What is the remainder when 5 is divided by t?
1
Suppose -6*d = -2*d - 176. What is the remainder when -1*(-3)/(12/d) is divided by 7?
4
What is the remainder when ((-32)/(-112))/(1/553) is divided by 16?
14
Let c = -36 + 25. Let h = 21 + c. What is the remainder when 29 is divided by h?
9
Suppose -1 = 5*x - 41. Suppose l - 5*l = -92. What is the remainder when l is divided by x?
7
Suppose 0 = 4*w + 20, t + w + 8 = 2*t. Let i(q) = 2 + 4*q**2 + q**t - 1 - 8 - 4*q + 3. Calculate the remainder when 34 is divided by i(-4).
10
Calculate the remainder when 55 is divided by (1 - -2)*(-6)/((-54)/87).
26
Let r = 11 + -1. Let f = -61 - -89. What is the remainder when f is divided by r?
8
Suppose -4*i + 41 = 3*x, 3*x + i - 29 = x. Calculate the remainder when 57 is divided by x.
12
Let y = -9 + 92. Suppose -3*o + y = 2*o + 2*c, 2*o - 31 = -3*c. What is the remainder when 66 is divided by o?
15
Suppose -2*x + 3*x - 196 = 0. Suppose 0 = 3*j - 5*r - 153, -2*r - x = -5*j + 40. What is the remainder when j is divided by 16?
14
Let p(o) = o**2 - 5*o + 1. Let d be p(5). What is the remainder when ((-1)/(-2))/((-1)/(-10)) is divided by (2/(-2) - -3) + d?
2
What is the remainder when 18 is divided by 2/(-6)*(-1 + -29)?
8
Let j(g) = g**3 - g**2 - 5*g + 3. Suppose o + 37 = 4*u, 5*o + 15 = 2*u + u. Calculate the remainder when u is divided by j(3).
4
Suppose 3*g + 0*g = 4*q + 57, 5*g - 2*q = 81. Let c = -9 + 15. Calculate the remainder when g is divided by c.
3
Let v = -26 - -44. Suppose -201 = 7*i - 565. What is the remainder when i is divided by v?
16
Let d(p) = -2*p + 23. Let a be 2/(-1) + (-2 - -1). What is the remainder when d(0) is divided by 8 + 0/(a + 2)?
7
Let k(q) = -35*q**2 - 2*q - 1. Let c(n) = 69*n**2 + 4*n + 2. Let m(b) = -4*c(b) - 9*k(b). What is the remainder when m(-1) is divided by 13?
12
Suppose -3*j + 15 = 0, -4*l - 3*j + 0*j + 67 = 0. Let r(z) = -8*z - 2. Calculate the remainder when r(-5) is divided by l.
12
Let l = -1 - -52. Calculate the remainder when l is divided by 13.
12
Suppose -3*g + g = -2*m - 16, 3*m - 32 = -4*g. What is the remainder when g is divided by 5?
3
Let y(z) = -z**2 + 2*z - 19. Let o be y(0). Let t = -16 - o. Calculate the remainder when 11 is divided by t.
2
Suppose -g - 5*d + 29 = 0, -2*g - 2*d + 10 = -88. Calculate the remainder when 159 is divided by g.
51
Let u be 1*2 - 4/2. Suppose u = z + 3*y + 5 - 13, 5*z = -4*y + 18. Calculate the remainder when z is divided by (2/10)/((-1)/(-5)).
0
Let k be (9/6)/((-2)/8). Let v be 39/(-9) - 2/k. Calculate the remainder when v + 2 + 0 + 42 is divided by 14.
12
Let b(n) = n**2 + 3*n - 2. Let c be b(-4). Let m(t) = 21*t**2 + 2*t + t**2 - 5*t + c*t - 1. Calculate the remainder when m(2) is divided by 22.
19
Let n be (1 - 0)/(-3 - -4). Let j = n - -3. What is the remainder when 6 is divided by j?
2
Let z = 9 + 7. Let d = 2 + 5. Let u(b) = b**2 - 7*b + 9. What is the remainder when z is divided by u(d)?
7
Suppose -3*l = -62 - 7. What is the remainder when 90 is divided by l?
21
Let n = 17 - -2. Suppose 5*z + 3*y = 20 + 53, 5*y - n = -z. Suppose 11*d - 35 = 4*d. Calculate the remainder when z is divided by d.
4
Let h(o) = 15*o**2 - 1. Suppose 2*